/(-9) + 1. Let n(f) = 2*f - 5. What is n(q)?
5
Let v(i) = -10*i - 6. Let z(w) = -w**2 - 4*w + 10. Let l be z(-6). Give v(l).
14
Let f(v) = v**3 - 8*v**2 - 9*v - 3. Suppose 3*a - 27 = -4*j, -j = 4*a - 2*j - 36. What is f(a)?
-3
Let i(f) = 4*f + 7. Let d(m) = -17*m - 27. Let q(b) = -2*d(b) - 9*i(b). Let v(o) = 5*o + 18. Let p(n) = -7*q(n) - 3*v(n). Determine p(6).
3
Let c be ((-6 - -3)*10)/2. Let l(t) = -t**3 - 16*t**2 - 15*t + 17. What is l(c)?
17
Let n be (30/(-45))/((-2)/6). Let i(s) = n*s**2 - 5 + 17 + 4*s**2 + 9*s - 5*s**2. What is i(-8)?
4
Let i(y) = y**2 - 6*y. Let h(t) = t**2 - 4*t. Let a(s) = 3*h(s) - 2*i(s). Determine a(1).
1
Let f(r) = 27*r**3 + 5 + 2*r**2 - 7*r**2 - 28*r**3 + 5*r. Let u be (-8)/4*-1 - 1. Let t be (2 - u)*6*-1. Determine f(t).
11
Let r = -209 + 206. Let p(q) = 17*q. Determine p(r).
-51
Suppose 3*n + 4*y = -7, -4*y - 31 = -4*n - n. Let i(p) = -p + 5 - 1 - n - 2. Let z be i(-7). Let v(w) = w - 3. Calculate v(z).
3
Suppose -t + 9*g = 4*g - 24, 12 = -3*g. Let q(k) = -7*k + 6. Let y(l) = -8*l + 6. Let r(a) = -6*q(a) + 5*y(a). Determine r(t).
2
Let l(x) = -6*x - 27. Suppose -304 = 59*t + 17*t. Determine l(t).
-3
Let y(z) = 12*z**3 - 2*z - 1. Let u be (-2)/(-2)*(-18)/(-6). Suppose -u*m + 2*p = 0, -m - 1 = -3*m + p. Let f be 1/(m/4*-2). What is y(f)?
-11
Suppose -5*p - 4*s - 26 = 0, -2*p + 4*s + 8 + 4 = 0. Let d(f) = f + 2. Give d(p).
0
Let l(z) = -z - 3*z**2 - 8 + 8. Suppose -27*j + 0 = 27. Calculate l(j).
-2
Let q(u) = -u**3 - 6*u**2 - 8*u - 3. Suppose -84 = 23*v - 2*v. Give q(v).
-3
Let n(g) = g**2 - g - 1. Let x(u) = -6*u - 8. Suppose k + 5*s + 16 = 2*s, -3*s = -k + 14. Let v(a) = k*n(a) + x(a). Calculate v(-6).
-13
Let v(g) = 3*g - 5. Let i(j) = 2*j - 4. Let s(d) = 4*i(d) - 3*v(d). Let k(b) = -48*b - 904. Let l be k(-19). Calculate s(l).
-9
Let q = 2428 + -2425. Let r(x) = 10*x - 20. Calculate r(q).
10
Let z(b) = -3*b + 2. Let c(n) = 21*n - 11. Let g(j) = 31*j - 16. Let o(v) = 8*c(v) - 5*g(v). Let s(p) = -2*o(p) - 9*z(p). Give s(-4).
-6
Let v be 2 - -2 - (1 - -1). Let m(a) = a + 5. Let c(i) = -i + 1. Let k(t) = 5*t + 2. Let s(z) = 3*c(z) + k(z). Let r(f) = v*s(f) - 3*m(f). Give r(-4).
-9
Let p(g) = -9*g**2 + 2*g - 1. Suppose 5*a + 2*d = 10, -3*a + 3*d - 15 = a. Let b(y) = -3*y + 1. Let m be b(a). What is p(m)?
-8
Suppose -3*g - 3*b = 3, -4*g - 5*b - 9 = -1. Let y(r) = -g - 3*r + 0*r - 2*r + 2*r + r**3 + r**2. Calculate y(-2).
-1
Let b(f) = f**3 - 2*f**2 + 2*f - 1. Suppose 2*k = 5*k - 4*y - 23, k = -5*y - 24. Calculate b(k).
0
Let y(l) = 2*l**3 + 7 + l - 5*l**2 + l**2 + 3*l**2 - l**3. Let d be 2 + (-3)/((-6)/(-4)). What is y(d)?
7
Let i(d) = 7*d + 1. Let c(r) = -2*r + 6. Let b be c(4). Give i(b).
-13
Let u(q) = -2*q**2 + 4*q - 3. Let f = 6 + -6. Suppose 4*w - 2*w - 4 = f. Suppose 2*x - 2*y = -2, x - w*x - 13 = -4*y. What is u(x)?
-9
Let y(q) = 2*q**2 - 2*q. Let j be y(4). Let u be 1/(4/(j + 4)). Let h(o) = -o**3 + 7*o**2 + 2*o + 5. Calculate h(u).
19
Let s(w) = 3*w**3 + w**2 + w + 1. Let v be ((-145)/58)/(10/4). Calculate s(v).
-2
Suppose 411*v - 96 = 405*v. Let j(c) = -c + 15. What is j(v)?
-1
Let t = -208 + 202. Let b(p) = p**3 + 5*p**2 - 7*p + 7. Give b(t).
13
Let c = 29 - 29. Suppose c = 4*b - 11 - 17. Let l(o) = 3*o + 4. What is l(b)?
25
Let x(f) = -90*f**3 - 9*f**2 + 182*f**3 - 91*f**3 - 12 + 10*f. Determine x(8).
4
Suppose -17*n = -12*n + 30. Let o(p) = -p**2 - 10*p - 5. Give o(n).
19
Let x(s) = -10*s - 19. Let i(b) = 7*b + 13. Let k(y) = 7*i(y) + 5*x(y). Suppose 3*c = -3*h - 3, h = -10*c + 5*c - 25. What is k(c)?
2
Let f(l) be the first derivative of -3 - 5/3*l**3 - 3/2*l**2 - 1/4*l**4 + 2*l. Determine f(-4).
-2
Let i(j) = -31. Let w(o) = -o - 31. Let u(s) = 4*i(s) - 3*w(s). Let k be u(10). Let m(c) = 17*c**2 + 2*c + 1. Give m(k).
16
Let o(i) = 52*i - 518 - 511 - 2*i**2 - 15*i + 1020. Give o(18).
9
Let t(a) = -a**3 + a**2 - a + 1. Suppose -4*z - 4*w + 32 = 0, z - 12 = -2*z + w. Suppose -z*v - 2*b + 3*b - 4 = 0, 3*v - 4*b + 16 = 0. Calculate t(v).
1
Let l(g) = -g - 4. Let t(u) = -3*u + 51. Let c be t(15). Let v(r) = 2*r - 6. Let f be v(4). Suppose -24 = 3*b - 4*s, -f*b = 5*s - 1 - c. Determine l(b).
0
Let m(s) = -7*s**3 - s**2 + 4*s + 11. Let b(v) = 6*v**3 + 2*v**2 - 4*v - 11. Let c(z) = 6*b(z) + 5*m(z). Calculate c(-7).
17
Let k(r) = -3*r**2 - 5*r. Let t(x) = 13*x**2 + 20*x. Let c(n) = -9*k(n) - 2*t(n). Let j = 9 + 7. Let o(w) = -2*w**2 + 33*w - 21. Let h be o(j). Determine c(h).
0
Let u be (-20)/(-140) + (-69)/(-7). Let r(m) = -4 + u + m + 1. Give r(0).
7
Let s(x) = -9 + 12 + 2 - 7*x. Let f(y) = 2*y - 2. Let j(i) = 8*f(i) + 3*s(i). Let g be (6/2 - 0/2) + -4. Determine j(g).
4
Suppose 2*c - 3 = c. Let s = -5 + c. Let w(g) = -2*g**2 - 4*g + 1. Let l(d) = -6*d**2 - 13*d + 3. Let b(x) = -2*l(x) + 7*w(x). What is b(s)?
-3
Let t = 89 + -80. Let k(f) = t*f**2 - f**3 + 2*f**2 + 4*f**2 - 3*f**2. Calculate k(12).
0
Suppose 2*z - 6 = 0, 9*p - 7 = 13*p - z. Let d(k) = -9*k**2 + 3*k + 3. What is d(p)?
-9
Suppose a + 3*a = 0. Let z(t) = t**2 - t + 2. Let y be z(a). Let w(p) = 6 - 5*p**2 + 0*p**y + 4*p**3 + 0*p**3 - 5*p**3. Give w(-5).
6
Let d(o) = 4*o + 1 + 2 + 2*o - 2*o - o. Determine d(-2).
-3
Let s(z) = z - 4. Suppose 5*x + 99 = 2*o - 0*o, -2*o = 5*x + 91. Let v be x/(-5) - (-4)/20. What is s(v)?
0
Suppose -5*r = -4*m + 13, 3*m + 10*r - 7*r = 30. Let h(d) = -d**2 + 14*d - 10. Determine h(m).
39
Let a(s) be the first derivative of -3*s**2/2 + 45*s - 809. Give a(14).
3
Let c(k) = k + 0*k - 2*k. Let d be c(-1). Let g(b) be the second derivative of b**3/3 - b**2/2 + 624*b. Determine g(d).
1
Let g(i) = i**2 + 8*i - 8. Let m = 25 + -32. What is g(m)?
-15
Let j = 36 - 30. Let z(u) be the second derivative of 0 + 9/2*u**2 + 3*u - 4/3*u**3 + 1/12*u**4. Determine z(j).
-3
Let x(h) be the first derivative of -2*h**2 - 1/4*h**4 + 12 + 5/3*h**3 + 4*h. Calculate x(4).
4
Let p(w) be the first derivative of w**4/4 - 5*w**3/3 - w**2 + 325. Calculate p(4).
-24
Let v(w) = w**3 - 2*w**2 - 5*w + 4. Let z(c) be the second derivative of -c**4/6 - 5*c**3/3 - 5*c**2/2 - 12*c. Let k be z(-4). What is v(k)?
-2
Let a(s) be the third derivative of s**5/60 + 7*s**4/24 - s**3/2 - s**2. Suppose d - 131*i + 23 = -126*i, -5*i + 15 = 0. Give a(d).
5
Let c(r) = 2*r**2 + 1. Let y(p) = -8*p**2 + 5*p - 7. Let h(x) = 5*c(x) + y(x). What is h(-5)?
23
Let g be (-4)/12 + 11/(-3). Let c = 6 + g. Let v(y) = 1 - 2 + 4*y**2 - 5*y**2 - 9*y**c. Determine v(-1).
-11
Let c(k) be the second derivative of 1/6*k**3 - 13/2*k**2 + 0 - 19*k - 1/12*k**4. Give c(0).
-13
Let y(a) = -2*a**2 + a + 10*a + a**2 + 31. Give y(13).
5
Suppose 0 = 7*v - v. Let q(h) = v*h - 2*h - 8 + 3. What is q(4)?
-13
Suppose 246 = -j + 236. Let b(n) = -n**3 - 10*n**2 + n + 9. Calculate b(j).
-1
Let z(h) be the second derivative of -h**3 + h**2/2 + 80*h + 4. Calculate z(6).
-35
Let s(l) = -2*l**3 + l - 4. Let i(z) = -9*z**3 - 7*z**2 + 5*z - 20. Let q(j) = -i(j) + 4*s(j). Calculate q(-4).
56
Let w = 11 - 5. Let m(q) be the first derivative of q**4/4 - 7*q**3/3 + 5*q**2 - 8*q + 204. Calculate m(w).
16
Let b(g) = -g**2 + 4*g**2 - 10 - 11*g + 3*g**2. Let j(w) = 5*w**2 - 10*w - 9. Let s be 8/8 - (-3)/(-3)*-5. Let l(z) = s*b(z) - 7*j(z). What is l(-3)?
0
Suppose -f - 2*z = -3*f - 20, f + 5*z - 2 = 0. Let j(w) = -w**3 - 9*w**2 - 4*w + 6. Calculate j(f).
-26
Let a(z) = z**3 - z**2 + z. Let f(b) = 7*b**3 - 14*b**2 + 14*b - 6. Let t(p) = -6*a(p) + f(p). Determine t(7).
1
Let f(q) = -q**3 + 4*q**2 - 5*q + 4. Let a(l) be the first derivative of -4*l**3/3 + 23*l**2/2 + 9*l - 34. Let j be a(6). Determine f(j).
-2
Let o be 0 + 3 - 0 - 7. Let m(y) = -y**2 - 3*y + 2. Give m(o).
-2
Let x(b) = -2*b + 5. Let p = -8 + 12. Let o be x(p). Let t(y) = 6*y**3 - 7*y**3 - 5*y**2 + 4 - y - y + 0. Give t(o).
-8
Let l = 46 + -49. Let w be (l + -3 + 1)/1. Let k(b) = b**3 + 4*b**2 - 6*b + 4. Determine k(w).
9
Let i(h) = -h**2 + 4*h - 2. Let m be 15*(4 + 18/(-5)). Let n(s) = -s**3 + 7*s**2 - 5*s - 2. Let v be n(m). Determine i(v).
-2
Let v(t) = -14*t**2 + 2*t. Let k be v(1). Let f(c) be the third derivative of -c**4/24 - 3*c**3/2 - 32*c**2. What is f(k)?
3
Let l(m) = m**2 - 2*m + 2. Let p(x) = -5*x + 35. Let o(j) = -j + 9. Let i(b) = -9*o(b) + 2*p(b). Let k be i(-14). Give l(k).
5
Let x(c) = -c + 5. Let d be x(9). Let n(j) = -j - 4. L